{"id":57,"date":"2018-03-03T17:08:39","date_gmt":"2018-03-03T16:08:39","guid":{"rendered":"http:\/\/www.zlinskejaro.cz\/?page_id=57"},"modified":"2018-03-03T17:08:39","modified_gmt":"2018-03-03T16:08:39","slug":"idea","status":"publish","type":"page","link":"https:\/\/zlinskakrizovatka.cz\/zlinskejaro\/idea\/","title":{"rendered":"Idea"},"content":{"rendered":"<h2>Zl\u00ednsk\u00e9 jaro: festival demokracie a ob\u010dansk\u00e9 spole\u010dnosti<\/h2>\n<p>Z\u00e1kladn\u00ed ideou Zl\u00ednsk\u00e9ho jara je rozvoj ob\u010dansk\u00e9 spole\u010dnosti a podpora dobrovolnictv\u00ed. Festival je impulsem k ob\u010dansk\u00e9 anga\u017eovanosti, iniciuje aktivity vedouc\u00ed k o\u017eiven\u00ed celospole\u010densk\u00e9 diskuze a k formulaci hodnot udr\u017eiteln\u00fdch pro budoucnost. Ka\u017ed\u00fd ro\u010dn\u00edk festivalu m\u00e1 sv\u00e9 hlavn\u00ed t\u00e9ma spjat\u00e9 s obdob\u00edm nesvobody, v\u011bnuje se tak\u00e9\u00a0 m\u00e9di\u00edm a ob\u010dansk\u00e9 spole\u010dnosti. Na programu jsou diskuse, v\u00fdstavy, projekce a divadeln\u00ed p\u0159edstaven\u00ed.<\/p>\n<h2>C\u00edle, v\u00fdstupy a p\u0159esahy<\/h2>\n<ul>\n<li style=\"padding-left: 30px\">Rozvoj ob\u010dansk\u00e9 spole\u010dnosti<\/li>\n<li style=\"padding-left: 30px\">Propojen\u00ed a spolupr\u00e1ce neziskov\u00fdch organizac\u00ed<\/li>\n<li style=\"padding-left: 30px\">Podpora a propagace dobrovolnictv\u00ed<\/li>\n<li style=\"padding-left: 30px\">Cesta k demokratick\u00e9mu ob\u010danstv\u00ed<\/li>\n<li style=\"padding-left: 30px\">Hled\u00e1n\u00ed smyslupln\u00fdch \u017eivotn\u00edch hodnot<\/li>\n<li style=\"padding-left: 30px\">Osloven\u00ed \u0161irok\u00e9 spole\u010dnosti<\/li>\n<li style=\"padding-left: 30px\">Aktivn\u00ed Zl\u00edn<\/li>\n<\/ul>\n<h2>Inspirace: V\u00e1clav Havel<\/h2>\n<p><img loading=\"lazy\" decoding=\"async\" class=\"aligncenter wp-image-96 size-full\" src=\"http:\/\/www.zlinskejaro.cz\/wp-content\/uploads\/2018\/03\/vh.jpg\" alt=\"\" width=\"747\" height=\"599\" srcset=\"https:\/\/zlinskakrizovatka.cz\/zlinskejaro\/wp-content\/uploads\/sites\/2\/2018\/03\/vh.jpg 747w, https:\/\/zlinskakrizovatka.cz\/zlinskejaro\/wp-content\/uploads\/sites\/2\/2018\/03\/vh-300x241.jpg 300w\" sizes=\"auto, (max-width: 747px) 100vw, 747px\" \/><\/p>\n<p>&nbsp;<\/p>\n<p style=\"text-align: right\">Zl\u00edn, prosinec 2011<\/p>\n<p>&nbsp;<\/p>\n<p>Pane Prezidente, d\u011bkujeme.<\/p>\n<p>V\u00e1clav Havel je pro n\u00e1s velkou inspirac\u00ed a nad\u011bj\u00ed. Nad\u011bj\u00ed na dosa\u017een\u00ed spravedliv\u011bj\u0161\u00edho a svobodn\u011bj\u0161\u00edho sv\u011bta, pokud je \u010dlov\u011bk dostate\u010dn\u011b trp\u011bliv\u00fd v h\u00e1jen\u00ed pravdy. Inspirac\u00ed t\u0159eba pr\u00e1v\u011b v organizaci Zl\u00ednsk\u00e9ho jara, proto\u017ee je tato obhajoba st\u00e1le nutn\u00e1. Skl\u00e1n\u00edme se p\u0159ed odvahou, s jakou se V\u00e1clav Havel choval jako skute\u010dn\u00fd ob\u010dan v dob\u011b, kdy to bylo zd\u00e1nliv\u011b hloup\u00e9, nesmysln\u00e9 a nebezpe\u010dn\u00e9. Jako prezident byl archetyp\u00e1ln\u00edm reprezentantem na\u0161\u00ed zem\u011b a jako takov\u00fd pro n\u00e1s i z\u016fst\u00e1v\u00e1.<\/p>\n<p>V\u00e1\u017een\u00fd pane Prezidente, d\u011bkujeme za to, co jste vykonal pro n\u00e1s i budouc\u00ed.<\/p>\n<p>Zl\u00ednsk\u00e1 k\u0159i\u017eovatka<\/p>\n","protected":false},"excerpt":{"rendered":"<p>Zl\u00ednsk\u00e9 jaro: festival demokracie a ob\u010dansk\u00e9 spole\u010dnosti Z\u00e1kladn\u00ed ideou Zl\u00ednsk\u00e9ho jara je rozvoj ob\u010dansk\u00e9 spole\u010dnosti a podpora dobrovolnictv\u00ed. Festival je impulsem k ob\u010dansk\u00e9 anga\u017eovanosti, iniciuje aktivity vedouc\u00ed k o\u017eiven\u00ed celospole\u010densk\u00e9 diskuze a k formulaci hodnot udr\u017eiteln\u00fdch pro budoucnost. Ka\u017ed\u00fd ro\u010dn\u00edk [&hellip;]<\/p>\n","protected":false},"author":1,"featured_media":0,"parent":0,"menu_order":0,"comment_status":"closed","ping_status":"closed","template":"","meta":{"_acf_changed":false,"footnotes":""},"class_list":["post-57","page","type-page","status-publish","hentry"],"acf":[],"_links":{"self":[{"href":"https:\/\/zlinskakrizovatka.cz\/zlinskejaro\/wp-json\/wp\/v2\/pages\/57","targetHints":{"allow":["GET"]}}],"collection":[{"href":"https:\/\/zlinskakrizovatka.cz\/zlinskejaro\/wp-json\/wp\/v2\/pages"}],"about":[{"href":"https:\/\/zlinskakrizovatka.cz\/zlinskejaro\/wp-json\/wp\/v2\/types\/page"}],"author":[{"embeddable":true,"href":"https:\/\/zlinskakrizovatka.cz\/zlinskejaro\/wp-json\/wp\/v2\/users\/1"}],"replies":[{"embeddable":true,"href":"https:\/\/zlinskakrizovatka.cz\/zlinskejaro\/wp-json\/wp\/v2\/comments?post=57"}],"version-history":[{"count":0,"href":"https:\/\/zlinskakrizovatka.cz\/zlinskejaro\/wp-json\/wp\/v2\/pages\/57\/revisions"}],"wp:attachment":[{"href":"https:\/\/zlinskakrizovatka.cz\/zlinskejaro\/wp-json\/wp\/v2\/media?parent=57"}],"curies":[{"name":"wp","href":"https:\/\/api.w.org\/{rel}","templated":true}]}}