{"id":149,"date":"2018-03-11T11:21:17","date_gmt":"2018-03-11T10:21:17","guid":{"rendered":"http:\/\/www.zlinskejaro.cz\/?page_id=149"},"modified":"2024-01-04T14:02:24","modified_gmt":"2024-01-04T13:02:24","slug":"tym","status":"publish","type":"page","link":"https:\/\/zlinskakrizovatka.cz\/zlinskejaro\/tym\/","title":{"rendered":"T\u00fdm"},"content":{"rendered":"<p><strong>Tom\u00e1\u0161 Pastern\u00fd<\/strong>\u00a0&#8211; koordinace projektu, organizace, moderov\u00e1n\u00ed diskus\u00ed<\/p>\n<p><strong>Veronika Pastern\u00e1 Szemlov\u00e1<\/strong>\u00a0&#8211; produkce<\/p>\n<p><strong>Veronika Jur\u010dov\u00e1<\/strong> &#8211; koordinace aktivit v z\u00e1mku, propagace<\/p>\n<p><strong>Jana Orlov\u00e1<\/strong> &#8211; propagace, finance<\/p>\n<p><strong>Vlastimil Mana<\/strong> &#8211; propagace, instalace v\u00fdstav, z\u00e1zem\u00ed diskus\u00ed<\/p>\n<p><strong>Jarmila Sn\u00e1\u0161elov\u00e1<\/strong>\u00a0&#8211; z\u00e1zem\u00ed diskus\u00ed<\/p>\n<p><strong>Petr Jur\u010da<\/strong>\u00a0&#8211; fotodokumentace<\/p>\n<p><strong>Martin J\u016fza<\/strong>\u00a0&#8211; video zn\u011blka<\/p>\n<p><strong>Michal Jakubec<\/strong>\u00a0&#8211; logo, grafika<\/p>\n<p>V minulosti t\u00e9\u017e pom\u00e1hali:<\/p>\n<p><strong>Tom\u00e1\u0161 Matou\u0161ek<\/strong>\u00a0&#8211; provozn\u00ed a technick\u00e9 zaji\u0161t\u011bn\u00ed akce<\/p>\n<p><strong>V\u011bra Szemlov\u00e1<\/strong>\u00a0&#8211; z\u00e1zem\u00ed festivalu, odborn\u00e1 podpora<\/p>\n<p><strong>Kamila Damborsk\u00e1<\/strong>\u00a0&#8211; organizace,\u00a0dobrovoln\u00edci z \u0159ad skaut\u016f<\/p>\n<p><strong>Kamila Berndorffov\u00e1<\/strong>\u00a0&#8211; fotodokumentace<\/p>\n<p><strong>M\u00ed\u0161a Vod\u00e1kov\u00e1\u00a0<\/strong>&#8211; instalace v\u00fdstav, z\u00e1zem\u00ed diskus\u00ed<\/p>\n<p><strong>Ji\u0159\u00ed Matou\u0161ek<\/strong> &#8211; instalace v\u00fdstav, z\u00e1zem\u00ed diskus\u00ed<\/p>\n<p><strong>Filip Koci\u00e1n<\/strong> &#8211; propagace, z\u00e1zem\u00ed diskus\u00ed<\/p>\n<p><strong>Jan Rohl\u00edk<\/strong>\u00a0&#8211; z\u00e1znamy diskus\u00ed, koordinace student\u016f<\/p>\n","protected":false},"excerpt":{"rendered":"<p>Tom\u00e1\u0161 Pastern\u00fd\u00a0&#8211; koordinace projektu, organizace, moderov\u00e1n\u00ed diskus\u00ed Veronika Pastern\u00e1 Szemlov\u00e1\u00a0&#8211; produkce Veronika Jur\u010dov\u00e1 &#8211; koordinace aktivit v z\u00e1mku, propagace Jana Orlov\u00e1 &#8211; propagace, finance Vlastimil Mana &#8211; propagace, instalace v\u00fdstav, z\u00e1zem\u00ed diskus\u00ed Jarmila Sn\u00e1\u0161elov\u00e1\u00a0&#8211; z\u00e1zem\u00ed diskus\u00ed Petr Jur\u010da\u00a0&#8211; fotodokumentace Martin [&hellip;]<\/p>\n","protected":false},"author":1,"featured_media":0,"parent":0,"menu_order":0,"comment_status":"closed","ping_status":"closed","template":"","meta":{"_acf_changed":false,"footnotes":""},"class_list":["post-149","page","type-page","status-publish","hentry"],"acf":[],"_links":{"self":[{"href":"https:\/\/zlinskakrizovatka.cz\/zlinskejaro\/wp-json\/wp\/v2\/pages\/149","targetHints":{"allow":["GET"]}}],"collection":[{"href":"https:\/\/zlinskakrizovatka.cz\/zlinskejaro\/wp-json\/wp\/v2\/pages"}],"about":[{"href":"https:\/\/zlinskakrizovatka.cz\/zlinskejaro\/wp-json\/wp\/v2\/types\/page"}],"author":[{"embeddable":true,"href":"https:\/\/zlinskakrizovatka.cz\/zlinskejaro\/wp-json\/wp\/v2\/users\/1"}],"replies":[{"embeddable":true,"href":"https:\/\/zlinskakrizovatka.cz\/zlinskejaro\/wp-json\/wp\/v2\/comments?post=149"}],"version-history":[{"count":1,"href":"https:\/\/zlinskakrizovatka.cz\/zlinskejaro\/wp-json\/wp\/v2\/pages\/149\/revisions"}],"predecessor-version":[{"id":993,"href":"https:\/\/zlinskakrizovatka.cz\/zlinskejaro\/wp-json\/wp\/v2\/pages\/149\/revisions\/993"}],"wp:attachment":[{"href":"https:\/\/zlinskakrizovatka.cz\/zlinskejaro\/wp-json\/wp\/v2\/media?parent=149"}],"curies":[{"name":"wp","href":"https:\/\/api.w.org\/{rel}","templated":true}]}}

Tým

<p><strong>Tomáš Pasterný</strong> &#8211; koordinace projektu, organizace, moderování diskusí</p>
<p><strong>Veronika Pasterná Szemlová</strong> &#8211; produkce</p>
<p><strong>Veronika Jurčová</strong> &#8211; koordinace aktivit v zámku, propagace</p>
<p><strong>Jana Orlová</strong> &#8211; propagace, finance</p>
<p><strong>Vlastimil Mana</strong> &#8211; propagace, instalace výstav, zázemí diskusí</p>
<p><strong>Jarmila Snášelová</strong> &#8211; zázemí diskusí</p>
<p><strong>Petr Jurča</strong> &#8211; fotodokumentace</p>
<p><strong>Martin Jůza</strong> &#8211; video znělka</p>
<p><strong>Michal Jakubec</strong> &#8211; logo, grafika</p>
<p>V minulosti též pomáhali:</p>
<p><strong>Tomáš Matoušek</strong> &#8211; provozní a technické zajištění akce</p>
<p><strong>Věra Szemlová</strong> &#8211; zázemí festivalu, odborná podpora</p>
<p><strong>Kamila Damborská</strong> &#8211; organizace, dobrovolníci z řad skautů</p>
<p><strong>Kamila Berndorffová</strong> &#8211; fotodokumentace</p>
<p><strong>Míša Vodáková </strong>&#8211; instalace výstav, zázemí diskusí</p>
<p><strong>Jiří Matoušek</strong> &#8211; instalace výstav, zázemí diskusí</p>
<p><strong>Filip Kocián</strong> &#8211; propagace, zázemí diskusí</p>
<p><strong>Jan Rohlík</strong> &#8211; záznamy diskusí, koordinace studentů</p>

<p>Tomáš Pasterný &#8211; koordinace projektu, organizace, moderování diskusí Veronika Pasterná Szemlová &#8211; produkce Veronika Jurčová &#8211; koordinace aktivit v zámku, propagace Jana Orlová &#8211; propagace, finance Vlastimil Mana &#8211; propagace, instalace výstav, zázemí diskusí Jarmila Snášelová &#8211; zázemí diskusí Petr Jurča &#8211; fotodokumentace Martin [&hellip;]</p>
