{"id":1002,"date":"2024-03-22T18:45:30","date_gmt":"2024-03-22T17:45:30","guid":{"rendered":"http:\/\/zlinskakrizovatka.cz\/zlinskejaro\/?page_id=1002"},"modified":"2024-06-06T08:37:18","modified_gmt":"2024-06-06T06:37:18","slug":"program2024","status":"publish","type":"page","link":"https:\/\/zlinskakrizovatka.cz\/zlinskejaro\/program2024\/","title":{"rendered":"Program 2024"},"content":{"rendered":"\n<h1>Zl\u00ednsk\u00e9 jaro 2024: V\u011bzni totality<\/h1>\n\n\n\n<h3 class=\"wp-block-heading\">10. &#8211; 12. \u010dervna 2024<\/h3>\n\n\n\n<p>Dvan\u00e1ct\u00fd ro\u010dn\u00edk festivalu demokracie a ob\u010dansk\u00e9 spole\u010dnosti Zl\u00ednsk\u00e9 jaro. Hlavn\u00edmi t\u00e9maty budou politi\u010dt\u00ed v\u011bzni a m\u00e9dia.   <\/p>\n\n\n\n<h2 class=\"wp-block-heading\">Program<\/h2>\n\n\n\n<h3 class=\"wp-block-heading\">pond\u011bl\u00ed 10. \u010dervna<\/h3>\n\n\n\n<p>17:30 \/ <strong>Norm\u00e1ln\u00ed je pom\u00e1hat<\/strong> \/ otev\u0159en\u00ed v\u00fdstavy v Obchodn\u00edm centru Zlat\u00e9 jablko<\/p>\n\n\n\n<p>19:00 \/ <strong>V\u011bzni totality<\/strong> \/ diskuse o politick\u00fdch v\u011bzn\u00edch minulosti i sou\u010dasnosti  \/ z\u00e1mek Zl\u00edn<br>Host\u00e9:<br>Hana Marvanov\u00e1 &#8211; sen\u00e1torka, disidentka a politick\u00e1 v\u011bzenkyn\u011b<br>Franti\u0161ek \u201e\u010cu\u0148as\u201c St\u00e1rek &#8211; publicista, badatel \u00daSTR, signat\u00e1\u0159 Charty 77 a politick\u00fd v\u011bze\u0148  <\/p>\n\n\n\n<h3 class=\"wp-block-heading\">\u00fater\u00fd 11. \u010dervna<\/h3>\n\n\n\n<p>9:30 \/ <strong>V\u011bzni totality<\/strong>  \/ diskuse pro studenty \/ Studio Z<br>Host\u00e9:<br>Hana Marvanov\u00e1 &#8211; sen\u00e1torka, disidentka a politick\u00e1 v\u011bzenkyn\u011b<br>Franti\u0161ek \u201e\u010cu\u0148as\u201c St\u00e1rek &#8211; publicista, badatel \u00daSTR, signat\u00e1\u0159 Charty 77 a politick\u00fd v\u011bze\u0148   <\/p>\n\n\n\n<p>19:00 \/ <strong>M\u00e9dia a dezinformace <\/strong>\/ diskuse o m\u00e9di\u00edch a hybridn\u00edch hrozb\u00e1ch \/ z\u00e1mek Zl\u00edn<br>Host\u00e9:<br>Jefim Fi\u0161tejn &#8211; publicista, \u010dlen Rady \u010cT<br>Sabina Slonkov\u00e1 &#8211; redaktorka \u010desk\u00e9ho nez\u00e1visl\u00e9ho webu Neovlivn\u00ed<br>Marek Vagovi\u010d &#8211; investigativn\u00ed novin\u00e1\u0159, koment\u00e1tor a moder\u00e1tor slovensk\u00e9ho den\u00edku Postoj<\/p>\n\n\n\n<h3 class=\"wp-block-heading\">st\u0159eda 12. \u010dervna<\/h3>\n\n\n\n<p>9:30 \/ <strong>M\u00e9dia a dezinformace<\/strong>  \/ diskuse pro studenty \/ Studio Z<br>Host\u00e9:<br>Jefim Fi\u0161tejn &#8211; publicista, \u010dlen Rady \u010cT<br>Sabina Slonkov\u00e1 &#8211; redaktorka \u010desk\u00e9ho nez\u00e1visl\u00e9ho webu Neovlivn\u00ed<br>Marek Vagovi\u010d &#8211; investigativn\u00ed novin\u00e1\u0159, koment\u00e1tor a moder\u00e1tor slovensk\u00e9ho den\u00edku Postoj  <\/p>\n\n\n\n<p> 19:00 \/  <strong>The Cinelli Brothers (UK) <\/strong>\/ koncert na n\u00e1dvo\u0159\u00ed z\u00e1mku \/ po\u0159\u00e1d\u00e1 \u017div\u00fd Zl\u00edn \/ <a rel=\"noreferrer noopener\" aria-label=\"info (otev\u0159e se na nov\u00e9 z\u00e1lo\u017ece)\" href=\"https:\/\/www.kulturazlin.cz\/event\/the-cinelli-brothers-uk\/\" target=\"_blank\">info<\/a>  <\/p>\n\n\n\n<p><strong>Vstupenky<\/strong><\/p>\n\n\n\n<p>Vstupn\u00e9 na diskuse 40 K\u010d. (Dopoledn\u00ed debaty jsou ur\u010den\u00e9 pro studenty na z\u00e1klad\u011b rezervac\u00ed \u0161kol &#8211; vstupn\u00e9 30 K\u010d, pedagogick\u00fd doprovod zdarma.) <\/p>\n\n\n\n<p>Prodej vstupenek na m\u00edst\u011b p\u0159ed diskus\u00ed (nen\u00ed p\u0159edprodej).<\/p>\n\n\n\n<p>&nbsp;<\/p>\n\n\n\n<h2 class=\"wp-block-heading\">V\u00fdstava<\/h2>\n\n\n\n<p><strong><a href=\"http:\/\/zlinskakrizovatka.cz\/zlinskejaro\/2024\/03\/19\/normalni-je-pomahat-2024\/\">Norm\u00e1ln\u00ed je pom\u00e1hat<\/a><\/strong>: v\u00fdstava v\u011bnovan\u00e1 \u010dinnosti neziskov\u00fdch organizac\u00ed Zl\u00ednsk\u00e9ho kraje.<\/p>\n\n\n<p><!--EndFragment--><\/p>\n<p><!--EndFragment--><\/p>","protected":false},"excerpt":{"rendered":"<p>Zl\u00ednsk\u00e9 jaro 2024: V\u011bzni totality 10. &#8211; 12. \u010dervna 2024 Dvan\u00e1ct\u00fd ro\u010dn\u00edk festivalu demokracie a ob\u010dansk\u00e9 spole\u010dnosti Zl\u00ednsk\u00e9 jaro. Hlavn\u00edmi t\u00e9maty budou politi\u010dt\u00ed v\u011bzni a m\u00e9dia. Program pond\u011bl\u00ed 10. \u010dervna 17:30 \/ Norm\u00e1ln\u00ed je pom\u00e1hat \/ otev\u0159en\u00ed v\u00fdstavy v Obchodn\u00edm [&hellip;]<\/p>\n","protected":false},"author":1,"featured_media":0,"parent":0,"menu_order":0,"comment_status":"closed","ping_status":"closed","template":"","meta":{"_acf_changed":false,"footnotes":""},"class_list":["post-1002","page","type-page","status-publish","hentry"],"acf":[],"_links":{"self":[{"href":"https:\/\/zlinskakrizovatka.cz\/zlinskejaro\/wp-json\/wp\/v2\/pages\/1002","targetHints":{"allow":["GET"]}}],"collection":[{"href":"https:\/\/zlinskakrizovatka.cz\/zlinskejaro\/wp-json\/wp\/v2\/pages"}],"about":[{"href":"https:\/\/zlinskakrizovatka.cz\/zlinskejaro\/wp-json\/wp\/v2\/types\/page"}],"author":[{"embeddable":true,"href":"https:\/\/zlinskakrizovatka.cz\/zlinskejaro\/wp-json\/wp\/v2\/users\/1"}],"replies":[{"embeddable":true,"href":"https:\/\/zlinskakrizovatka.cz\/zlinskejaro\/wp-json\/wp\/v2\/comments?post=1002"}],"version-history":[{"count":9,"href":"https:\/\/zlinskakrizovatka.cz\/zlinskejaro\/wp-json\/wp\/v2\/pages\/1002\/revisions"}],"predecessor-version":[{"id":1056,"href":"https:\/\/zlinskakrizovatka.cz\/zlinskejaro\/wp-json\/wp\/v2\/pages\/1002\/revisions\/1056"}],"wp:attachment":[{"href":"https:\/\/zlinskakrizovatka.cz\/zlinskejaro\/wp-json\/wp\/v2\/media?parent=1002"}],"curies":[{"name":"wp","href":"https:\/\/api.w.org\/{rel}","templated":true}]}}

<h1>Zlínské jaro 2024: Vězni totality</h1>



<h3 class="wp-block-heading">10. &#8211; 12. června 2024</h3>



<p>Dvanáctý ročník festivalu demokracie a občanské společnosti Zlínské jaro. Hlavními tématy budou političtí vězni a média.   </p>



<h2 class="wp-block-heading">Program</h2>



<h3 class="wp-block-heading">pondělí 10. června</h3>



<p>17:30 / <strong>Normální je pomáhat</strong> / otevření výstavy v Obchodním centru Zlaté jablko</p>



<p>19:00 / <strong>Vězni totality</strong> / diskuse o politických vězních minulosti i současnosti  / zámek Zlín<br>Hosté:<br>Hana Marvanová &#8211; senátorka, disidentka a politická vězenkyně<br>František „Čuňas“ Stárek &#8211; publicista, badatel ÚSTR, signatář Charty 77 a politický vězeň  </p>



<h3 class="wp-block-heading">úterý 11. června</h3>



<p>9:30 / <strong>Vězni totality</strong>  / diskuse pro studenty / Studio Z<br>Hosté:<br>Hana Marvanová &#8211; senátorka, disidentka a politická vězenkyně<br>František „Čuňas“ Stárek &#8211; publicista, badatel ÚSTR, signatář Charty 77 a politický vězeň   </p>



<p>19:00 / <strong>Média a dezinformace </strong>/ diskuse o médiích a hybridních hrozbách / zámek Zlín<br>Hosté:<br>Jefim Fištejn &#8211; publicista, člen Rady ČT<br>Sabina Slonková &#8211; redaktorka českého nezávislého webu Neovlivní<br>Marek Vagovič &#8211; investigativní novinář, komentátor a moderátor slovenského deníku Postoj</p>



<h3 class="wp-block-heading">středa 12. června</h3>



<p>9:30 / <strong>Média a dezinformace</strong>  / diskuse pro studenty / Studio Z<br>Hosté:<br>Jefim Fištejn &#8211; publicista, člen Rady ČT<br>Sabina Slonková &#8211; redaktorka českého nezávislého webu Neovlivní<br>Marek Vagovič &#8211; investigativní novinář, komentátor a moderátor slovenského deníku Postoj  </p>



<p> 19:00 /  <strong>The Cinelli Brothers (UK) </strong>/ koncert na nádvoří zámku / pořádá Živý Zlín / <a rel="noreferrer noopener" aria-label="info (otevře se na nové záložce)" href="https://www.kulturazlin.cz/event/the-cinelli-brothers-uk/" target="_blank">info</a>  </p>



<p><strong>Vstupenky</strong></p>



<p>Vstupné na diskuse 40 Kč. (Dopolední debaty jsou určené pro studenty na základě rezervací škol &#8211; vstupné 30 Kč, pedagogický doprovod zdarma.) </p>



<p>Prodej vstupenek na místě před diskusí (není předprodej).</p>



<p>&nbsp;</p>



<h2 class="wp-block-heading">Výstava</h2>



<p><strong><a href="http://zlinskakrizovatka.cz/zlinskejaro/2024/03/19/normalni-je-pomahat-2024/">Normální je pomáhat</a></strong>: výstava věnovaná činnosti neziskových organizací Zlínského kraje.</p>


<p><!--EndFragment--></p>
<p><!--EndFragment--></p>

<p>Zlínské jaro 2024: Vězni totality 10. &#8211; 12. června 2024 Dvanáctý ročník festivalu demokracie a občanské společnosti Zlínské jaro. Hlavními tématy budou političtí vězni a média. Program pondělí 10. června 17:30 / Normální je pomáhat / otevření výstavy v Obchodním [&hellip;]</p>
