{"id":9,"date":"2019-10-22T20:46:41","date_gmt":"2019-10-22T18:46:41","guid":{"rendered":"http:\/\/127.0.0.1\/zlinskakrizovatka\/festivalsvobodyvezline\/?page_id=9"},"modified":"2020-11-14T13:51:58","modified_gmt":"2020-11-14T12:51:58","slug":"program2019","status":"publish","type":"page","link":"https:\/\/zlinskakrizovatka.cz\/festivalsvobodyvezline\/program2019\/","title":{"rendered":"Program 2019"},"content":{"rendered":"\n<p>Program Festivalu svobody ve Zl\u00edn\u011b k 30. v\u00fdro\u010d\u00ed sametov\u00e9 revoluce, 14. &#8211; 21. 11. 2019. <\/p>\n\n\n\n<p><a rel=\"noreferrer noopener\" aria-label=\"Videoz\u00e1znamy z odhalen\u00ed lavi\u010dky, diskus\u00ed i shrom\u00e1\u017ed\u011bn\u00ed (otev\u0159e se na nov\u00e9 z\u00e1lo\u017ece)\" href=\"https:\/\/www.youtube.com\/watch?v=NWOEfPBq4-k&amp;list=PLprXTNozGCe4tavdwULGG9RGhfRUstbs0\" target=\"_blank\">videoz\u00e1znamy z odhalen\u00ed lavi\u010dky, diskus\u00ed i shrom\u00e1\u017ed\u011bn\u00ed<\/a><\/p>\n\n\n\n<p><a rel=\"noreferrer noopener\" aria-label=\"Program v pdf (otev\u0159e se na nov\u00e9 z\u00e1lo\u017ece)\" href=\"\/wp-content\/uploads\/sites\/3\/2019\/10\/program-listopad2019_a4.pdf\" target=\"_blank\">program v pdf<\/a><\/p>\n\n\n\n<h2 class=\"wp-block-heading\"><\/h2>\n\n\n\n<h2 class=\"wp-block-heading\">\u010cTVRTEK 14. 11. 2019<\/h2>\n\n\n\n<p>16:30  <strong>Pr\u016fvod od Univerzitn\u00edho centra<\/strong> za \u00fa\u010dasti student\u016f, zam\u011bstnanc\u016f UTB a ve\u0159ejnosti, pr\u016fvod skon\u010d\u00ed v m\u00edst\u011b odhalen\u00ed Lavi\u010dky VH<\/p>\n\n\n\n<p>17:30  <strong>Odhalen\u00ed Lavi\u010dky V\u00e1clava Havla<\/strong>, Gahur\u016fv prospekt<\/p>\n\n\n\n<p>18:00  <strong>Michal Ambro\u017e a Hudba Praha<\/strong>, koncert nad Obchodn\u00edm domem, vstup voln\u00fd<\/p>\n\n\n\n<p>20:00  <strong>Revoluce po \u010ceskoslovensku<\/strong>, debata v Obchodn\u00edm dom\u011b, vstup voln\u00fd, <\/p>\n\n\n\n<p>host\u00e9: Andrej Kiska, Jaroslav Spurn\u00fd, Michael \u017dantovsk\u00fd&nbsp;<\/p>\n\n\n\n<p>20:00  <strong>Videomapping na budovu U18<\/strong>, Sametov\u00e1 revoluce o\u010dima student\u016f UTB, z\u00e1padn\u00ed st\u011bna budovy Fakulty humanitn\u00edch studi\u00ed (\u0160tef\u00e1nikova 5670)<\/p>\n\n\n\n<h4 class=\"wp-block-heading\"><\/h4>\n\n\n\n<h2 class=\"wp-block-heading\">P\u00c1TEK 15. 11. 2019<\/h2>\n\n\n\n<p>10:00  <strong>Jednou budem d\u00e1l<\/strong>, ve\u0159ejn\u00e1 gener\u00e1lka divadeln\u00edho p\u0159edstaven\u00ed v MDZ, vstupn\u00e9 100 K\u010d, <a href=\"https:\/\/vstupenky.divadlozlin.cz\/incoming.aspx?eventid=4743\" target=\"_blank\" rel=\"noreferrer noopener\" aria-label=\"rezervace vstupenek (otev\u0159e se na nov\u00e9 z\u00e1lo\u017ece)\">rezervace vstupenek<\/a><\/p>\n\n\n\n<p>19:00  <strong>Sametov\u00fd Zl\u00edn<\/strong>, kl\u00ed\u010dov\u00e9 ud\u00e1losti roku 1989\u221290 na Zl\u00ednsku, premi\u00e9ra dokumentu a debata s akt\u00e9ry revoluce, host\u00e9: Petr Barto\u0161, Helena \u010cerm\u00e1kov\u00e1, Ji\u0159\u00ed Dev\u00e1t, Ivan Kalina, Rostislav Marek, MDZ &#8211; Studio Z, vstupn\u00e9 89 K\u010d, <a rel=\"noreferrer noopener\" aria-label=\"rezervace vstupenek (otev\u0159e se na nov\u00e9 z\u00e1lo\u017ece)\" href=\"https:\/\/vstupenky.divadlozlin.cz\/incoming.aspx?eventid=4768&amp;fbclid=IwAR3qR9f1k-OfYTitt0fR2jOdNxE9Yg8K3_lUSb9Zs9kyuoJ9ewNe634eCRU\" target=\"_blank\">rezervace vstupenek<\/a><\/p>\n\n\n\n<h4 class=\"wp-block-heading\"><\/h4>\n\n\n\n<h2 class=\"wp-block-heading\">SOBOTA 16. 11. 2019<\/h2>\n\n\n\n<p>10:00 <strong> Divadlem pracuj\u00edc\u00edch po stop\u00e1ch OF<\/strong>, komentovan\u00e1 prohl\u00eddka MDZ s Rostislavem Markem, nutn\u00e1 rezervace na jurcova@divadlozlin.cz, vstup voln\u00fd<\/p>\n\n\n\n<p>19:00  <strong>Jednou budem d\u00e1l<\/strong>, premi\u00e9ra divadeln\u00edho p\u0159edstaven\u00ed v MDZ se k\u0159tem publikace Samet v divadle, vstupn\u00e9 380, 360, 290 K\u010d, <a rel=\"noreferrer noopener\" aria-label=\"rezervace vstupenek (otev\u0159e se na nov\u00e9 z\u00e1lo\u017ece)\" href=\"https:\/\/vstupenky.divadlozlin.cz\/incoming.aspx?eventid=4563\" target=\"_blank\">rezervace vstupenek<\/a><\/p>\n\n\n\n<p><\/p>\n\n\n\n<h4 class=\"wp-block-heading\"><\/h4>\n\n\n\n<h2 class=\"wp-block-heading\">NED\u011aLE 17. 11. 2019<\/h2>\n\n\n\n<p>16:30  <strong>Shrom\u00e1\u017ed\u011bn\u00ed &#8211; 30 let svobody<\/strong>, u sochy T.G.M.<\/p>\n\n\n\n<p>18:00 <strong> Jednou budem d\u00e1l<\/strong>, 1. repr\u00edza divadeln\u00edho p\u0159edstaven\u00ed a debata s tv\u016frci, MDZ, vstupn\u00e9 350, 330, 260 K\u010d, <a rel=\"noreferrer noopener\" aria-label=\"rezervace vstupenek (otev\u0159e se na nov\u00e9 z\u00e1lo\u017ece)\" href=\"https:\/\/vstupenky.divadlozlin.cz\/incoming.aspx?eventid=4754\" target=\"_blank\">rezervace vstupenek<\/a><\/p>\n\n\n\n<p><\/p>\n\n\n\n<h4 class=\"wp-block-heading\"><\/h4>\n\n\n\n<h2 class=\"wp-block-heading\">\u010cTVRTEK 21. 11. 2019<\/h2>\n\n\n\n<p><strong>Osudov\u00e9 okam\u017eiky<\/strong><\/p>\n\n\n\n<p>18:15 \t<strong>Pov\u00edd\u00e1n\u00ed s fotografem Janem \u0160ib\u00edkem<\/strong><\/p>\n\n\n\n<p>19:00  <strong>Koncert FBM k 30. v\u00fdro\u010d\u00ed sametov\u00e9 revoluce<\/strong>, s projekc\u00ed fotografi\u00ed Josefa Koudelky a Jana \u0160ib\u00edka, Kongresov\u00e9 centrum Zl\u00edn, vstupn\u00e9 290, 250, 210 K\u010d, <a rel=\"noreferrer noopener\" aria-label=\"rezervace vstupenek (otev\u0159e se na nov\u00e9 z\u00e1lo\u017ece)\" href=\"https:\/\/vstupenky.filharmonie-zlin.cz\/filharmonie-zlin\/hall?id=1327\" target=\"_blank\">rezervace vstupenek<\/a><\/p>\n\n\n\n<p><\/p>\n\n\n\n<h4 class=\"wp-block-heading\"><\/h4>\n\n\n\n<h2 class=\"wp-block-heading\">V\u00ddSTAVY<\/h2>\n\n\n\n<p><strong>Havel a Zl\u00edn, <\/strong>Obchodn\u00ed d\u016fm, 14. \u2212 30. 11. 2019<\/p>\n\n\n\n<p><strong>Revoluce 89 ve Zl\u00edn\u011b, <\/strong>foyer MDZ, 28. 10. \u2212 30. 11. 2019, v\u00fdstava p\u0159\u00edstupn\u00e1 pro n\u00e1v\u0161t\u011bvn\u00edky p\u0159edstaven\u00ed&nbsp;<\/p>\n\n\n\n<p><strong>V\u00fdstava UTB <\/strong>ateli\u00e9r\u016f Grafick\u00fd a Digit\u00e1ln\u00ed design, atrium Univerzitn\u00edho centra,14. 11. 2019: 16:30\u201320 hod., 15. 11. \u2013 23. 12. 2019: 8\u201318 hod., sklen\u011bn\u00e9 ruce V\u00e1clava Havla k vid\u011bn\u00ed do 17. 11. 2019<br><\/p>\n","protected":false},"excerpt":{"rendered":"<p>Program Festivalu svobody ve Zl\u00edn\u011b k 30. v\u00fdro\u010d\u00ed sametov\u00e9 revoluce, 14. &#8211; 21. 11. 2019. videoz\u00e1znamy z odhalen\u00ed lavi\u010dky, diskus\u00ed i shrom\u00e1\u017ed\u011bn\u00ed program v pdf \u010cTVRTEK 14. 11. 2019 16:30 Pr\u016fvod od Univerzitn\u00edho centra za \u00fa\u010dasti student\u016f, zam\u011bstnanc\u016f UTB a ve\u0159ejnosti, pr\u016fvod skon\u010d\u00ed v m\u00edst\u011b odhalen\u00ed Lavi\u010dky VH 17:30 Odhalen\u00ed&hellip;<\/p>\n","protected":false},"author":1,"featured_media":116,"parent":0,"menu_order":0,"comment_status":"closed","ping_status":"closed","template":"","meta":{"_acf_changed":false,"footnotes":""},"class_list":["post-9","page","type-page","status-publish","has-post-thumbnail","hentry"],"acf":[],"_links":{"self":[{"href":"https:\/\/zlinskakrizovatka.cz\/festivalsvobodyvezline\/wp-json\/wp\/v2\/pages\/9","targetHints":{"allow":["GET"]}}],"collection":[{"href":"https:\/\/zlinskakrizovatka.cz\/festivalsvobodyvezline\/wp-json\/wp\/v2\/pages"}],"about":[{"href":"https:\/\/zlinskakrizovatka.cz\/festivalsvobodyvezline\/wp-json\/wp\/v2\/types\/page"}],"author":[{"embeddable":true,"href":"https:\/\/zlinskakrizovatka.cz\/festivalsvobodyvezline\/wp-json\/wp\/v2\/users\/1"}],"replies":[{"embeddable":true,"href":"https:\/\/zlinskakrizovatka.cz\/festivalsvobodyvezline\/wp-json\/wp\/v2\/comments?post=9"}],"version-history":[{"count":26,"href":"https:\/\/zlinskakrizovatka.cz\/festivalsvobodyvezline\/wp-json\/wp\/v2\/pages\/9\/revisions"}],"predecessor-version":[{"id":183,"href":"https:\/\/zlinskakrizovatka.cz\/festivalsvobodyvezline\/wp-json\/wp\/v2\/pages\/9\/revisions\/183"}],"wp:featuredmedia":[{"embeddable":true,"href":"https:\/\/zlinskakrizovatka.cz\/festivalsvobodyvezline\/wp-json\/wp\/v2\/media\/116"}],"wp:attachment":[{"href":"https:\/\/zlinskakrizovatka.cz\/festivalsvobodyvezline\/wp-json\/wp\/v2\/media?parent=9"}],"curies":[{"name":"wp","href":"https:\/\/api.w.org\/{rel}","templated":true}]}}